e
Let c be -1*(3 + -2)*0. Let i(x) = 55*x**2 + 11*x - 5 - 33*x**2 + c. Is i(4) a prime number?
False
Let y = 1010 + 141. Is y composite?
False
Let x(m) be the first derivative of -m**3/3 + 6*m - 27. Let p be x(0). Is 189 + p/(-4)*(-8)/6 a prime number?
True
Suppose -q - 18*q - 2280 = 0. Let v = 2411 - q. Is v a prime number?
True
Let i be 381 + 46/161 + (-108)/(-14). Suppose z + 0*z = 0. Suppose v - 1098 + i = z. Is v prime?
True
Suppose -116416 = -5*y + 160269. Suppose 13*j - y = -9954. Is j a composite number?
False
Let l = 29 - 26. Let s = 2 - l. Is -2 - (-2 + -5177)*(s - -2) a composite number?
True
Suppose -10*g + 5*g - 13755 = 0. Let q(f) = f**3 - 14*f**2 + 16*f + 33. Let m be q(23). Let k = g + m. Is k composite?
False
Suppose x + 7*w - 3*w = -7, 2*x + 14 = 2*w. Let p(u) = 38*u**2 - 17*u - 2. Is p(x) composite?
False
Let h = 1624 + 226. Let t = 2947 - h. Is t composite?
False
Let m be 3 + 7*(-1)/(-1). Let p(b) = 8*b + 8*b**2 - m*b + 7*b - 13. Is p(6) composite?
True
Let x = -125381 + 1535952. Is x a composite number?
False
Let p = 28 - 46. Let m(a) be the first derivative of -5*a**2/2 - 25*a + 3. Is m(p) composite?
True
Let t = -204 - -209. Suppose 31544 = t*p + 3*p. Is p prime?
True
Let u(d) = -5*d - 34. Let m be u(14). Let z = 106 + m. Is 356/(z - -2 - 2) composite?
True
Suppose f = -3*r + 5*r - 5283, 12 = -4*f. Let x = r - 1526. Is x a composite number?
True
Let f(n) = -1. Let m(x) = x + 19. Let h(t) = 2*f(t) + m(t). Let z be h(-9). Suppose 3*y = -z*y + 2563. Is y prime?
True
Let p(x) = -3*x + 7. Let l be p(3). Let k be 20/l + (4 - 2). Let o(v) = -v**3 + 2*v**2 - 18*v + 3. Is o(k) a composite number?
False
Let w be -6*(-2)/3 - 1. Suppose -1112 - 1585 = -w*c. Suppose -l + c = -282. Is l prime?
True
Suppose -2*n + 4*d = 9 + 7, 14 = -n + 5*d. Let y be 978 + (-10)/n*-2. Suppose 5*z - y = 4962. Is z prime?
True
Let q = 25 - 19. Suppose 0 = 2*z - q*z. Suppose 4*d + 492 = 2*l - z*d, 4*l = -4*d + 1032. Is l a composite number?
True
Is (-4 + 2)/(12/(-464568)*(7 + -3)) composite?
True
Is (8 - (2 + 3))*((-193192)/(-3) - -1) a prime number?
False
Let i = -4 - -7. Suppose -i = -5*d + 4*d. Suppose 0 = 3*g - 5*a - 159, 0 = -2*g + g - d*a + 67. Is g a prime number?
False
Let t = -224 - -235. Let d(m) = m**3 - 7 - m**2 + 3*m**2 + 22*m - 7. Is d(t) composite?
False
Suppose 0 = 230*m - 34548607 - 36674803. Is m prime?
True
Suppose 537771 = 21*i - 1157916. Is i a prime number?
True
Let i(k) = 17*k + 5*k + 9*k**2 - 4 - 13 + 3*k**2 + 10*k**2. Let v(j) = j**3 - 2*j**2 + 3*j. Let u be v(2). Is i(u) a composite number?
False
Suppose -167*c = -773877 - 8495792. Is c a composite number?
True
Let m = 346491 + -92350. Is m composite?
False
Suppose p - 3*y - 339 = 0, -p - 3*y = -0*y - 321. Let k = p - 586. Is (1 - k)*(3 + -3 + 1) composite?
False
Suppose i + 7*p = 11*p + 84819, 2*i + 4*p = 169674. Is i prime?
False
Let i = -14366 - -18343. Is i prime?
False
Let w(g) = 14*g**2 + 6*g - 35. Let u(f) = -f**3 - 3*f**2 + f - 6. Let y be u(-4). Let z be w(y). Suppose 387 = 4*i - z. Is i a composite number?
False
Let s(v) = 840*v - 301. Let m(u) = -4202*u + 1506. Let z(p) = -2*m(p) - 11*s(p). Is z(-19) prime?
True
Let p be (-2 - (4 + -7 + -14))*746. Suppose 0*t - p = -6*t. Is t a composite number?
True
Let v(z) = 18*z**2 + 14*z + 29. Suppose -54 = -116*n + 122*n. Is v(n) a composite number?
False
Let v be (-754)/(-203) - (-4)/14. Suppose l - 7*a + 2*a = 25385, a = -v*l + 101540. Is l a composite number?
True
Suppose 42*f - 46*f + 29376 = 0. Let c = 12406 - f. Is c a composite number?
True
Let b(g) = -1923*g - 1663. Is b(-22) composite?
True
Suppose 0 = x - 0*x + 2. Let w(r) = 4*r**3 + 19*r**2 - 6*r - 13. Let m(s) = -3*s**3 - 18*s**2 + 6*s + 14. Let p(k) = x*w(k) - 3*m(k). Is p(-15) prime?
False
Let n be (-59 + -43)/(1/(-46)). Let b = -1615 + n. Is b prime?
False
Suppose 0 = 3*a - 9, -5*r - 136 = -3*a + 38. Let l be (2/4 + -2)*1408/r. Let v = l - -115. Is v composite?
False
Let u(n) = 102*n. Let t be u(-2). Suppose 108*l + 82*l = -15622 - 1288. Let i = l - t. Is i composite?
True
Suppose 14*d - 53255 = -657. Let p = 7398 - d. Is p composite?
True
Let s(h) = 14 + 2 - 7*h - 10*h**2 + 6 + 12*h**3 - 31*h**3 + 3. Is s(-7) a composite number?
False
Suppose 0 = -q + 1, 3*q - 19935 = -2*i - 7426. Is -2 + 5 + (i - 9) a prime number?
True
Suppose o + 3641 = j, 4*j + 4591 + 9981 = -4*o. Let l = -258 + o. Let u = l + 7687. Is u a composite number?
True
Let g = -477 - -1296. Let r = 2868 - 1668. Let k = r - g. Is k prime?
False
Let l(a) = 108*a - 61. Let d be l(18). Let g = 3708 - d. Let r = g - 576. Is r a prime number?
True
Let n be (7 - 2)/15*1*9. Is 0 + n - (-6 - 4064)/11 a prime number?
True
Let n(h) = -18*h**3 + 53*h**2 + 83*h - 23. Is n(-20) a prime number?
True
Let b(o) = -95*o**2 + 6*o + 41. Let w be b(-13). Let a = w + 32275. Is a a prime number?
True
Is (-6 - 793/(-130))*1026110 a prime number?
True
Let o be (-12)/(-32)*4*64/12. Suppose 14402 = 4*j - 3*q + q, 2*j - 7198 = 2*q. Is j*(-3)/(2 - o) a prime number?
True
Suppose 463728 = 3*n + 5*s, 2*n - 199004 - 110150 = -4*s. Is n a prime number?
True
Suppose 2*w + 0*d = d + 62, 3*d = 6. Suppose y = 37*t - w*t + 398, 5*t - 1094 = -3*y. Is y a composite number?
False
Let j = -1106790 + 2395063. Is j prime?
False
Suppose 49933920 = 38*n - 14180782. Is n composite?
True
Let s = -2458 + 11155. Let p = 13243 - s. Is p prime?
False
Let k(a) = -12940*a - 1302. Is k(-4) composite?
True
Let w be (96/1)/((-12)/128*2). Let j = -10 - w. Suppose 3*q = 5*q - j. Is q a prime number?
True
Suppose -6*h - 685278 = -2*j - 11*h, 3*j - 1027883 = h. Is j a composite number?
True
Suppose 5*m - 7 - 63 = 0. Suppose 94 + 214 = m*t. Is 1*(1 - -106*t) a composite number?
False
Suppose 2*z - 116100 = 2*q, 111*q - 290180 = -5*z + 106*q. Is z prime?
True
Suppose 0 = -4*u - 2*f + 1 - 47, -u + f - 7 = 0. Let y be 2/6*(u - -10). Suppose y = -r - 0*r + 5*i + 93, 3*r - 3*i = 279. Is r composite?
True
Suppose 5*r + 3*k + 3 = 0, -5*r - 4 = -4*k + 27. Let l(h) = -380*h**3 - 6*h - 11. Let x be l(r). Is (-11)/66 - x/(-6) a prime number?
False
Suppose 3*b - 2*x = -4324, 2*x = -2*b + 4*x - 2886. Let v be 2 + b/(-6) + (-8)/12. Let n = v - -226. Is n composite?
False
Let b = 287311 - -8902. Is b prime?
True
Suppose 0 = -0*b + 4*b - 4*i - 2164832, -3*b + i = -1623610. Is b a prime number?
True
Let r be (2/(-4))/(333/(-162) - -2). Suppose 5*a + 11*g - 14*g = 52954, 0 = 3*g + r. Is a prime?
True
Suppose -14*y = -9 - 47. Suppose -y*n - 4 = 0, -3*s + s + 3604 = -2*n. Is s prime?
True
Suppose -12 = x - 12. Suppose x = 5*j + j - 18. Suppose -3*h + 1435 = h + j*s, 1790 = 5*h + 3*s. Is h a composite number?
True
Let o(w) = -2270*w - 175. Let m be o(-11). Suppose 3*p + 2*s = m, 0 = -3*p + 2*s + 29495 - 4712. Is p a prime number?
True
Suppose -164*c - 7095689 + 29378205 = 0. Is c composite?
True
Let s be (2 + -52 - 6) + 2. Is 1/9 - 22080/s a prime number?
True
Let m = 68 - 60. Let w(l) = l**2 - 9*l + 13. Let y be w(m). Suppose -955 = -y*g - 4*s, -5*g + s + 497 = -458. Is g prime?
True
Suppose -2*v + 3*w = -166100, -3*w = v - 78635 - 4406. Is v composite?
False
Suppose 0 = 7*v - 0*v - 9149. Let l = v + 204. Is l a composite number?
False
Let t = -72546 - -51566. Let c = t + 41769. Is c composite?
False
Suppose -32318*n + 32321*n - 211053 = 0. Is n prime?
True
Let w(u) = -u**3 - 2*u - 6. Let t(z) = 2*z**3 + 9*z**2 + 5*z + 4. Let d be t(-4). Let b be w(d). Let r(l) = 10*l**2 + l + 19. Is r(b) prime?
True
Let q(j) = -14*j**3 - 29*j**2 + 14*j - 8. Let k(u) = 5*u**3 + 10*u**2 - 5*u + 3. Let d = -89 - -85. Let m(w) = d*q(w) - 11*k(w). Is m(9) a prime number?
False
Let t = -4985 - -14512. Is t a composite number?
True
Let a = -171335 + 398998. Is a composite?
False
Let g = 36054 - 18488. Suppose 2*z - 1420 = g. Is z a composite number?
True
Let k = -2438 + 6667. Is k composite?
False
Let n(q) = 2017*q**2 - 54*q - 171. Is n(-10) composite?
True
Suppose 16 + 2 = 2*g + 4*z, 0 = 4*g - 4*z. Suppose -x = g*o - 2478 + 941, 4*o - 16 = 0. Let q = -726 + x. Is q a prime number?
False
Let w(l) = -l**3 + l + 343249. Is w(0) composite?
True
Let b(g) = -8*g - 7*g + 4*g + 37 + g**2 - 2*g. Suppose 5*q - 4*s = -50 - 77, 125 = -5*q + 5*s. Is b(q) a composite number?
False
Suppose 140*o - 132*o = 1400776